{"id":114,"date":"2019-02-09T22:48:11","date_gmt":"2019-02-09T21:48:11","guid":{"rendered":"https:\/\/solila.ch\/wordpress\/?page_id=114"},"modified":"2022-01-16T12:07:10","modified_gmt":"2022-01-16T11:07:10","slug":"links","status":"publish","type":"page","link":"https:\/\/solila.ch\/?page_id=114","title":{"rendered":"LINKS"},"content":{"rendered":"<p>Hier findest du einige Links zu anderen solidarischen Landwirtschaftsprojekten aus der Region:<\/p>\n<p style=\"padding-left: 40px;\"><a href=\"https:\/\/www.nuglargaerten.ch\/\">Nuglar G\u00e4rten<\/a> (Nuglar, SO)<br \/>\n<a href=\"http:\/\/gmueserei.ch\/\">Gmueserei<\/a> (Sissach, BL)<br \/>\n<a href=\"https:\/\/gartenberg.ch\/\">GartenBerg<\/a> (W\u00f6lflinswil, AG)<br \/>\n<a href=\"https:\/\/mail80193.wixsite.com\/spitzenbuehl\/\">Genossenschaft Bergk\u00e4serei Spitzenb\u00fchl<\/a> (Liesberg, BL)<\/p>\n<p>Gesamte Schweiz:<\/p>\n<p style=\"padding-left: 40px;\"><a href=\"https:\/\/www.solawi.ch\/\">Kooperationsstelle f\u00fcr solidarische Landwirtschaft<\/a><br \/>\n<a href=\"http:\/\/www.regionalevertragslandwirtschaft.ch\/verband\/\">Verband regionale Vertragslandwirtschaft<\/a> (Deutschschweiz)<br \/>\n<a href=\"https:\/\/www.fracp.ch\/\">F\u00e9d\u00e9ration Romande d&#8217;Agriculture Contractuelle de Proximit\u00e9<\/a> (Suisse Romande)<\/p>\n<p>Weitere Projekte in der Schweiz und im deutschsprachigen Raum findest du <a href=\"http:\/\/www.regionalevertragslandwirtschaft.ch\/verband\/index.php\/initiativen-sp-729906689\">hier<\/a> (CH) oder <a href=\"https:\/\/www.solidarische-landwirtschaft.org\/solawis-finden\/karte\/#\/\">hier<\/a> (vor allem DE, AT, CH)<\/p>\n<p><span style=\"color: #313131;\">Politische Organisationen &amp; Wissen:<\/span><\/p>\n<p style=\"padding-left: 40px;\"><a href=\"https:\/\/uniterre.ch\/de\">Uniterre<\/a>, die Schweizerische Kleinbauerngewerkschaft<br \/>\n<a href=\"https:\/\/viacampesina.org\/en\">La Via Campesina<\/a>, die internationale Kleinbauernbewegung<br \/>\n<a href=\"https:\/\/climatestrike.ch\/de\">Klimastreik Schweiz<\/a><\/p>\n<p><span style=\"color: #313131;\">Unverpackt-L\u00e4den in der Region:<\/span><\/p>\n<p style=\"padding-left: 40px;\"><a href=\"http:\/\/nur-so.ch\/\">NUR SO&#8230; unverpackt einkaufen<\/a> (Rheinfelden, AG)<br \/>\n<a href=\"http:\/\/baselunverpackt.ch\/\">Basel unverpackt<\/a> (Basel, BS)<\/p>\n","protected":false},"excerpt":{"rendered":"<p>Hier findest du einige Links zu anderen solidarischen Landwirtschaftsprojekten aus der Region: Nuglar G\u00e4rten (Nuglar, SO) Gmueserei (Sissach, BL) GartenBerg (W\u00f6lflinswil, AG) Genossenschaft Bergk\u00e4serei Spitzenb\u00fchl (Liesberg, BL) Gesamte Schweiz: Kooperationsstelle f\u00fcr solidarische Landwirtschaft Verband regionale Vertragslandwirtschaft (Deutschschweiz) F\u00e9d\u00e9ration Romande d&#8217;Agriculture Contractuelle de Proximit\u00e9 (Suisse Romande) Weitere Projekte in der Schweiz und im deutschsprachigen Raum findest &#8230;<\/p>\n","protected":false},"author":2,"featured_media":0,"parent":1803,"menu_order":2,"comment_status":"closed","ping_status":"closed","template":"templates\/fullwidth.php","meta":{"_eb_attr":"","footnotes":""},"class_list":["post-114","page","type-page","status-publish","hentry"],"_links":{"self":[{"href":"https:\/\/solila.ch\/index.php?rest_route=\/wp\/v2\/pages\/114","targetHints":{"allow":["GET"]}}],"collection":[{"href":"https:\/\/solila.ch\/index.php?rest_route=\/wp\/v2\/pages"}],"about":[{"href":"https:\/\/solila.ch\/index.php?rest_route=\/wp\/v2\/types\/page"}],"author":[{"embeddable":true,"href":"https:\/\/solila.ch\/index.php?rest_route=\/wp\/v2\/users\/2"}],"replies":[{"embeddable":true,"href":"https:\/\/solila.ch\/index.php?rest_route=%2Fwp%2Fv2%2Fcomments&post=114"}],"version-history":[{"count":13,"href":"https:\/\/solila.ch\/index.php?rest_route=\/wp\/v2\/pages\/114\/revisions"}],"predecessor-version":[{"id":1664,"href":"https:\/\/solila.ch\/index.php?rest_route=\/wp\/v2\/pages\/114\/revisions\/1664"}],"up":[{"embeddable":true,"href":"https:\/\/solila.ch\/index.php?rest_route=\/wp\/v2\/pages\/1803"}],"wp:attachment":[{"href":"https:\/\/solila.ch\/index.php?rest_route=%2Fwp%2Fv2%2Fmedia&parent=114"}],"curies":[{"name":"wp","href":"https:\/\/api.w.org\/{rel}","templated":true}]}}