{"id":14,"date":"2019-02-05T11:04:35","date_gmt":"2019-02-05T10:04:35","guid":{"rendered":"https:\/\/solila.ch\/wordpress\/?page_id=14"},"modified":"2024-04-29T22:30:25","modified_gmt":"2024-04-29T20:30:25","slug":"mitarbeit","status":"publish","type":"page","link":"https:\/\/solila.ch\/?page_id=14","title":{"rendered":"MITWIRKEN"},"content":{"rendered":"\n<figure class=\"wp-block-gallery has-nested-images columns-4 is-cropped wp-block-gallery-1 is-layout-flex wp-block-gallery-is-layout-flex\">\n<figure class=\"wp-block-image size-large\"><img fetchpriority=\"high\" decoding=\"async\" width=\"600\" height=\"413\" data-id=\"361\" src=\"https:\/\/solila.ch\/wordpress\/wp-content\/uploads\/2019\/02\/spinatwaschen.jpg\" alt=\"\" class=\"wp-image-361\" srcset=\"https:\/\/solila.ch\/wordpress\/wp-content\/uploads\/2019\/02\/spinatwaschen.jpg 600w, https:\/\/solila.ch\/wordpress\/wp-content\/uploads\/2019\/02\/spinatwaschen-300x207.jpg 300w\" sizes=\"(max-width: 600px) 100vw, 600px\" \/><\/figure>\n\n\n\n<figure class=\"wp-block-image size-large\"><img decoding=\"async\" width=\"405\" height=\"450\" data-id=\"589\" src=\"https:\/\/solila.ch\/wordpress\/wp-content\/uploads\/2019\/02\/IMG_0795-Kopienew.jpg\" alt=\"\" class=\"wp-image-589\" srcset=\"https:\/\/solila.ch\/wordpress\/wp-content\/uploads\/2019\/02\/IMG_0795-Kopienew.jpg 405w, https:\/\/solila.ch\/wordpress\/wp-content\/uploads\/2019\/02\/IMG_0795-Kopienew-270x300.jpg 270w\" sizes=\"(max-width: 405px) 100vw, 405px\" \/><\/figure>\n\n\n\n<figure class=\"wp-block-image size-large\"><img decoding=\"async\" width=\"400\" height=\"600\" data-id=\"609\" src=\"https:\/\/solila.ch\/wordpress\/wp-content\/uploads\/2019\/02\/DSC_0620.jpg\" alt=\"\" class=\"wp-image-609\" srcset=\"https:\/\/solila.ch\/wordpress\/wp-content\/uploads\/2019\/02\/DSC_0620.jpg 400w, https:\/\/solila.ch\/wordpress\/wp-content\/uploads\/2019\/02\/DSC_0620-200x300.jpg 200w\" sizes=\"(max-width: 400px) 100vw, 400px\" \/><\/figure>\n\n\n\n<figure class=\"wp-block-image size-large\"><img decoding=\"async\" data-id=\"1542\" src=\"https:\/\/solila.ch\/wordpress\/wp-content\/uploads\/2020\/09\/EK0A1642.jpg\" alt=\"\" class=\"wp-image-1542\"\/><\/figure>\n<\/figure>\n\n\n\n<p>Als solidarisches Landwirtschaftsprojekt ist f\u00fcr uns das Mitwirken der Mitglieder ein zentrales Anliegen. Wer einen Ernteanteil bezieht, entscheidet sich daher dazu, auf dem Eulenhof beim Gem\u00fcse- oder Obstanbau mitzuwirken oder einen finanziellen Beitrag anstatt der aktiven Mitwirkstunden zu leisten. Und zwar tr\u00e4gt jeder Haushalt im Rahmen seiner F\u00e4higkeiten und M\u00f6glichkeiten mindestens 16 Stunden pro Jahr bei oder bezahlt diesen Anteil. Die genaue Anzahl des zu leistenden Einsatzes h\u00e4ngt dabei von der Art und der Anzahl Ernteanteile ab, die ein Mitglied bezieht (genauere Infos im <a href=\"https:\/\/solila.ch\/wordpress\/wp-content\/uploads\/2020\/10\/Betriebsreglement_SoliLa_Genossenschaft.pdf\">Betriebsreglement<\/a>). Zus\u00e4tzliches Engagement ist nat\u00fcrlich herzlich willkommen!<\/p>\n\n\n\n<p>Die Mitwirkung auf dem Feld ist an gewissen Wochentagen und manchmal am Abend m\u00f6glich. Die aktuellen Infos zu den m\u00f6glichen Eins\u00e4tzen findest du auf <a href=\"https:\/\/juntagrico.solila-eulenhof.ch\/accounts\/login\/?next=\/\">Juntagrico<\/a>.<\/p>\n\n\n\n<p>Stehen im Gem\u00fcseanbau grosse Arbeiten an (Pflanzen setzen, Erntearbeiten), finden auf dem Eulenhof Aktionstage statt. Die Liste der Aktionstage findest du <a href=\"https:\/\/solila.ch\/\">hier<\/a>.<\/p>\n\n\n\n<p>Falls es dir aufgrund k\u00f6rperlicher oder andersartiger Einschr\u00e4nkung nicht m\u00f6glich sein sollte, auf dem Feld mitzuwirken, kannst du gerne mit uns <a href=\"https:\/\/solila.ch\/?page_id=3\">Kontakt aufnehmen<\/a> und wir finden f\u00fcr dich eine passende Art der Mitwirkung.<\/p>\n\n\n\n<p>Anmelden f\u00fcr die Mitwirkung (Aktionstage oder andere Arbeiten) kannst du dich \u00fcber&nbsp;<a href=\"https:\/\/juntagrico.solila-eulenhof.ch\/accounts\/login\/?next=\/\">Juntagrico<\/a>.<\/p>\n\n\n\n<p>Von den 16 Mitarbeitsstunden pro Jahr sollen mindestens 8 Stunden in der arbeitsintensivsten Zeit zwischen Mai und Oktober geleistet werden. Die Arbeitsbereiche sind vielf\u00e4ltig und reichen vom Setzen, J\u00e4ten und Ernten \u00fcber das Abpacken und Verteilen, Kochen und Kinder Betreuen an Aktionstagen bis hin zu administrativen, organisatorischen und kreativen Arbeiten. Wem es Freude macht und wer Zeit und Lust hat, kann sich gerne weitergehend einbringen, eigene Ideen vorschlagen und diese verwirklichen.<\/p>\n\n\n\n<p>Nicht geleistete Arbeitsstunden werden am Jahresende mit CHF 20.\u2010 pro Stunde in Rechnung gestellt.\u00a0Um ihren Unfallversicherungsschutz k\u00fcmmern sich die Mitglieder privat.<\/p>\n","protected":false},"excerpt":{"rendered":"<p>Als solidarisches Landwirtschaftsprojekt ist f\u00fcr uns das Mitwirken der Mitglieder ein zentrales Anliegen. Wer einen Ernteanteil bezieht, entscheidet sich daher dazu, auf dem Eulenhof beim Gem\u00fcse- oder Obstanbau mitzuwirken oder einen finanziellen Beitrag anstatt der aktiven Mitwirkstunden zu leisten. Und zwar tr\u00e4gt jeder Haushalt im Rahmen seiner F\u00e4higkeiten und M\u00f6glichkeiten mindestens 16 Stunden pro Jahr &#8230;<\/p>\n","protected":false},"author":1,"featured_media":0,"parent":1805,"menu_order":2,"comment_status":"closed","ping_status":"closed","template":"templates\/fullwidth.php","meta":{"_eb_attr":"","footnotes":""},"class_list":["post-14","page","type-page","status-publish","hentry"],"_links":{"self":[{"href":"https:\/\/solila.ch\/index.php?rest_route=\/wp\/v2\/pages\/14","targetHints":{"allow":["GET"]}}],"collection":[{"href":"https:\/\/solila.ch\/index.php?rest_route=\/wp\/v2\/pages"}],"about":[{"href":"https:\/\/solila.ch\/index.php?rest_route=\/wp\/v2\/types\/page"}],"author":[{"embeddable":true,"href":"https:\/\/solila.ch\/index.php?rest_route=\/wp\/v2\/users\/1"}],"replies":[{"embeddable":true,"href":"https:\/\/solila.ch\/index.php?rest_route=%2Fwp%2Fv2%2Fcomments&post=14"}],"version-history":[{"count":54,"href":"https:\/\/solila.ch\/index.php?rest_route=\/wp\/v2\/pages\/14\/revisions"}],"predecessor-version":[{"id":2026,"href":"https:\/\/solila.ch\/index.php?rest_route=\/wp\/v2\/pages\/14\/revisions\/2026"}],"up":[{"embeddable":true,"href":"https:\/\/solila.ch\/index.php?rest_route=\/wp\/v2\/pages\/1805"}],"wp:attachment":[{"href":"https:\/\/solila.ch\/index.php?rest_route=%2Fwp%2Fv2%2Fmedia&parent=14"}],"curies":[{"name":"wp","href":"https:\/\/api.w.org\/{rel}","templated":true}]}}