{"id":2058,"date":"2026-03-19T09:55:00","date_gmt":"2026-03-19T08:55:00","guid":{"rendered":"https:\/\/solila.ch\/?page_id=2058"},"modified":"2026-03-19T09:59:29","modified_gmt":"2026-03-19T08:59:29","slug":"der-eulenhof-2","status":"publish","type":"page","link":"https:\/\/solila.ch\/?page_id=2058","title":{"rendered":"DER EULENHOF"},"content":{"rendered":"\t\t<div data-elementor-type=\"wp-page\" data-elementor-id=\"2058\" class=\"elementor elementor-2058\">\n\t\t\t\t\t\t<section class=\"elementor-section elementor-top-section elementor-element elementor-element-70118a9d elementor-section-boxed elementor-section-height-default elementor-section-height-default\" data-id=\"70118a9d\" data-element_type=\"section\" data-e-type=\"section\">\n\t\t\t\t\t\t<div class=\"elementor-container elementor-column-gap-default\">\n\t\t\t\t\t<div class=\"elementor-column elementor-col-100 elementor-top-column elementor-element elementor-element-563d4f43\" data-id=\"563d4f43\" data-element_type=\"column\" data-e-type=\"column\">\n\t\t\t<div class=\"elementor-widget-wrap elementor-element-populated\">\n\t\t\t\t\t\t<div class=\"elementor-element elementor-element-23e94ccf elementor-widget elementor-widget-text-editor\" data-id=\"23e94ccf\" data-element_type=\"widget\" data-e-type=\"widget\" data-widget_type=\"text-editor.default\">\n\t\t\t\t<div class=\"elementor-widget-container\">\n\t\t\t\t\t\t\t\t\t<p>Das Gem\u00fcse und Obst der SoliLa wird auf dem Eulenhof in M\u00f6hlin angebaut.<\/p>\n<p><!-- \/wp:paragraph --><!-- wp:paragraph --><\/p>\n<p>Gef\u00fchrt wird der Betrieb von Edi und K\u00e4thi Hilpert. Seit 1982 ist der Eulenhof Bio-Knospe zertifiziert. Auf 19 ha wird eine vielseitige Landwirtschaft betrieben: Neben verschiedensten Gem\u00fcsesorten werden auch Kr\u00e4uter und Obst- und Beerenkulturen angebaut. Die Obstkulturen werden als Hochstammobstb\u00e4ume gepflegt. Daneben werden einige Hektaren Gr\u00fcnfl\u00e4che bewirtschaftet und auch Bienenst\u00e4nde gehalten. Auf dem Eulenhof befindet sich ausserdem eine <a href=\"https:\/\/www.eulenhof-stauden.ch\/\">Staudeng\u00e4rtnerei<\/a>. F\u00fcr den Gem\u00fcsebau ist das ganze Jahr \u00fcber ein dreik\u00f6pfiges G\u00e4rtner*innen-Team angestellt.<\/p>\n<p><!-- \/wp:paragraph --><!-- wp:paragraph --><\/p>\n<p>Das Team auf dem Eulenhof besteht zurzeit aus:<\/p>\n<p><!-- \/wp:paragraph --><!-- wp:paragraph --><\/p>\n<p><span class=\"has-inline-color\" style=\"color: #99c036;\"><strong>K\u00e4thi (Betriebsleitung)<br \/>Micha (Betriebsleitung\/Obst)<br \/>Edi (pensioniert, unterst\u00fctzt den Hof nach wie vor tatkr\u00e4ftig)\u00a0<\/strong><\/span><span class=\"has-inline-color\" style=\"color: #99c036;\"><strong><br \/>Romy<\/strong> <strong>(Gem\u00fcse, Administration)<\/strong><br \/><strong>Michi (Gem\u00fcse)<br \/>Luki (Obst)<br \/><br \/><\/strong><strong>Corinne (Gem\u00fcse, Setzlingsanzucht)<br \/><\/strong><\/span><span class=\"has-inline-color\" style=\"color: #99c036;\"><strong>Urs (Gem\u00fcse r\u00fcsten, Setzlingsanzucht)<\/strong><\/span><strong><br \/><span class=\"has-inline-color\" style=\"color: #99c036;\">Lea (Buchhaltung)<br \/>Tatjana (Gem\u00fcse, Konservierung Obst)<br \/><br \/>Christian (Reparaturen)<br \/>Mirjam (tempor\u00e4re Arbeiten)<br \/><\/span><\/strong><\/p>\n<p><!-- \/wp:paragraph --><!-- wp:paragraph --><\/p>\n<p><strong>Kontakt<\/strong>: +41 77 408 79 84<\/p>\n<p><!-- \/wp:paragraph --><!-- wp:paragraph --><\/p>\n<p>F\u00fcr mehr Informationen gelangt ihr <a href=\"http:\/\/eulenhof-moehlin.ch\/\" target=\"_blank\" rel=\"noopener\">hier<\/a> direkt zur Webseite des Eulenhofs.<\/p>\n<p><!-- \/wp:paragraph --><!-- wp:group --><\/p>\n<div class=\"wp-block-group\"><!-- wp:image {\"id\":1832,\"sizeSlug\":\"large\"} -->\n<figure class=\"wp-block-image size-large\"><img decoding=\"async\" class=\"wp-image-1832\" src=\"https:\/\/solila.ch\/wordpress\/wp-content\/uploads\/2022\/03\/P1020374.jpg\" alt=\"\" \/><\/figure>\n<\/div>\t\t\t\t\t\t\t\t<\/div>\n\t\t\t\t<\/div>\n\t\t\t\t\t<\/div>\n\t\t<\/div>\n\t\t\t\t\t<\/div>\n\t\t<\/section>\n\t\t\t\t<\/div>\n\t\t","protected":false},"excerpt":{"rendered":"<p>Das Gem\u00fcse und Obst der SoliLa wird auf dem Eulenhof in M\u00f6hlin angebaut. Gef\u00fchrt wird der Betrieb von Edi und K\u00e4thi Hilpert. Seit 1982 ist der Eulenhof Bio-Knospe zertifiziert. Auf 19 ha wird eine vielseitige Landwirtschaft betrieben: Neben verschiedensten Gem\u00fcsesorten werden auch Kr\u00e4uter und Obst- und Beerenkulturen angebaut. Die Obstkulturen werden als Hochstammobstb\u00e4ume gepflegt. Daneben &#8230;<\/p>\n","protected":false},"author":2,"featured_media":0,"parent":1652,"menu_order":1,"comment_status":"closed","ping_status":"closed","template":"templates\/fullwidth.php","meta":{"_eb_attr":"","footnotes":""},"class_list":["post-2058","page","type-page","status-publish","hentry"],"_links":{"self":[{"href":"https:\/\/solila.ch\/index.php?rest_route=\/wp\/v2\/pages\/2058","targetHints":{"allow":["GET"]}}],"collection":[{"href":"https:\/\/solila.ch\/index.php?rest_route=\/wp\/v2\/pages"}],"about":[{"href":"https:\/\/solila.ch\/index.php?rest_route=\/wp\/v2\/types\/page"}],"author":[{"embeddable":true,"href":"https:\/\/solila.ch\/index.php?rest_route=\/wp\/v2\/users\/2"}],"replies":[{"embeddable":true,"href":"https:\/\/solila.ch\/index.php?rest_route=%2Fwp%2Fv2%2Fcomments&post=2058"}],"version-history":[{"count":4,"href":"https:\/\/solila.ch\/index.php?rest_route=\/wp\/v2\/pages\/2058\/revisions"}],"predecessor-version":[{"id":2110,"href":"https:\/\/solila.ch\/index.php?rest_route=\/wp\/v2\/pages\/2058\/revisions\/2110"}],"up":[{"embeddable":true,"href":"https:\/\/solila.ch\/index.php?rest_route=\/wp\/v2\/pages\/1652"}],"wp:attachment":[{"href":"https:\/\/solila.ch\/index.php?rest_route=%2Fwp%2Fv2%2Fmedia&parent=2058"}],"curies":[{"name":"wp","href":"https:\/\/api.w.org\/{rel}","templated":true}]}}